rue
Is 2474959973 composite?
False
Is 4668353 prime?
False
Is 32207773 a composite number?
True
Is 11141027 composite?
True
Is 136791651 a composite number?
True
Is 42334969 a composite number?
True
Is 16305577 composite?
True
Is 4536251 prime?
False
Is 3261281 composite?
False
Is 180952567 composite?
False
Is 623809 composite?
True
Is 3456939 prime?
False
Is 7218087 composite?
True
Is 33114923 prime?
False
Is 4986137 prime?
False
Is 2233699 a composite number?
True
Is 10112573 a composite number?
False
Is 15833119 prime?
True
Is 38658139 prime?
False
Is 91869473 a prime number?
True
Is 600804245 a composite number?
True
Is 17181683 prime?
True
Is 337302817 a prime number?
True
Is 812420759 prime?
True
Is 7893313 prime?
False
Is 206277991 prime?
False
Is 1905893 composite?
True
Is 2171423 a composite number?
True
Is 8444033 a prime number?
False
Is 7363487 composite?
False
Is 3796147 prime?
False
Is 10217873 a composite number?
False
Is 3464597 prime?
False
Is 14525237 a prime number?
True
Is 12648557 a prime number?
False
Is 390485191 composite?
True
Is 490590547 prime?
True
Is 358546387 a composite number?
False
Is 38848345 a prime number?
False
Is 3253111 a composite number?
False
Is 22089927 a composite number?
True
Is 57288937 a composite number?
False
Is 7926257 a prime number?
True
Is 9398953 a composite number?
False
Is 300293 prime?
False
Is 5477033 prime?
True
Is 2227913 prime?
True
Is 12233647 a prime number?
True
Is 607165645 a composite number?
True
Is 9101503 prime?
False
Is 4962631 a composite number?
False
Is 47250781 composite?
False
Is 71136883 composite?
False
Is 760261 composite?
False
Is 10771117 a prime number?
False
Is 147109811 a prime number?
False
Is 314149949 a composite number?
False
Is 39821417 a prime number?
True
Is 138568993 a composite number?
True
Is 9422591 prime?
True
Is 24557 composite?
True
Is 3206279 composite?
True
Is 7123505 a prime number?
False
Is 1354571 composite?
False
Is 548712487 composite?
False
Is 527624771 a composite number?
False
Is 485859293 a composite number?
True
Is 425228633 a prime number?
False
Is 68457173 composite?
False
Is 1225787 a prime number?
True
Is 16893823 prime?
True
Is 4827531 a composite number?
True
Is 459255931 a composite number?
True
Is 420327239 prime?
False
Is 3163613 a prime number?
False
Is 47480243 prime?
True
Is 14948957 composite?
True
Is 456057346 prime?
False
Is 393037 a prime number?
False
Is 14910299 a prime number?
True
Is 2410213 composite?
True
Is 7709749 a prime number?
False
Is 1304071 a composite number?
False
Is 5711051 composite?
False
Is 895657 prime?
False
Is 4938963 a prime number?
False
Is 189651467 prime?
False
Is 26108971 a composite number?
True
Is 1194707 a prime number?
True
Is 2367499 prime?
False
Is 14558677 composite?
True
Is 42525061 a prime number?
False
Is 101615 composite?
True
Is 2133497001 prime?
False
Is 12869111 a prime number?
True
Is 6109523 a composite number?
True
Is 692329633 a composite number?
False
Is 949591 a prime number?
False
Is 2562827 composite?
False
Is 3791273 a composite number?
False
Is 580969 composite?
False
Is 4203757 prime?
True
Is 13110967 a prime number?
True
Is 5933033 a prime number?
False
Is 602971 a composite number?
False
Is 1965541 a composite number?
False
Is 849823 a prime number?
False
Is 60565639 a composite number?
False
Is 133710923 a composite number?
True
Is 12167641 a composite number?
False
Is 12527173 composite?
False
Is 19849913 prime?
True
Is 6226757 prime?
True
Is 7621037 a prime number?
True
Is 123167071 a composite number?
True
Is 454833595 composite?
True
Is 38519629 composite?
True
Is 18926689 a composite number?
True
Is 5171473 a prime number?
True
Is 2235781 a composite number?
True
Is 15403963 composite?
True
Is 2187257 a composite number?
True
Is 168831001 a prime number?
True
Is 7996465 composite?
True
Is 5385353 composite?
True
Is 59743 prime?
True
Is 1464863 a composite number?
False
Is 20372519 a composite number?
True
Is 6528559 a composite number?
False
Is 6346546 a prime number?
False
Is 3574993 prime?
False
Is 415144258 a composite number?
True
Is 2795189 a prime number?
True
Is 329549969 a prime number?
False
Is 71427661 prime?
False
Is 25584043 prime?
True
Is 55261691 composite?
False
Is 597209 composite?
False
Is 8617547 prime?
True
Is 49864079 prime?
False
Is 498583879 a composite number?
True
Is 186429029 composite?
False
Is 31097873 a composite number?
False
Is 6910877 a composite number?
True
Is 41970935 prime?
False
Is 680208859 a prime number?
False
Is 56535221 composite?
False
Is 30982067 prime?
True
Is 10379353 a prime number?
True
Is 569677 a prime number?
False
Is 15376897 a prime number?
True
Is 406658449 composite?
False
Is 34505749 a composite number?
True
Is 15622127 prime?
True
Is 28541537 a composite number?
True
Is 3479653 a prime number?
True
Is 3455251 composite?
False
Is 745547171 prime?
True
Is 2162003 a prime number?
True
Is 12801626 prime?
False
Is 6511751 a prime number?
True
Is 331043 a prime number?
True
Is 8720311 composite?
False
Is 275668405 composite?
True
Is 64091 a prime number?
True
Is 143924281 a composite number?
False
Is 14703433 prime?
False
Is 304821687 prime?
False
Is 7100014 composite?
True
Is 20468059 prime?
True
Is 44854897 a composite number?
False
Is 28774201 a composite number?
False
Is 16927297 composite?
True
Is 16148357 composite?
False
Is 176938219 a composite number?
False
Is 1671377 a prime number?
False
Is 8717591 a prime number?
True
Is 290543881 prime?
True
Is 581979 a prime number?
False
Is 52341095 a prime number?
False
Is 8064809 composite?
False
Is 53596277 a prime number?
False
Is 421801 prime?
True
Is 411926863 prime?
True
Is 220365341 composite?
True
Is 8274511 prime?
False
Is 431153302 a composite number?
True
Is 19198681 a composite number?
False
Is 9698713 prime?
True
Is 1055409 a composite number?
True
Is 6692339 prime?
False
Is 222885673 prime?
False
Is 17024923 composite?
True
Is 149536819 composite?
True
Is 10965287 a prime number?
False
Is 3021479831 composite?
False
Is 169457 a prime number?
True
Is 11626501 a composite number?
False
Is 67210721 prime?
True
Is 1980817 composite?
False
Is 18705437 a composite number?
True
Is 39535709 a composite number?
False
Is 12007699 a composite number?
True
Is 9413447 prime?
True
Is 145315957 prime?
True
Is 3503153 composite?
True
Is 1119610403 a composite number?
True
Is 7291353 composite?
True
Is 549001 a prime number?
True
Is 62620799 a composite number?
False
Is 10096769 prime?
True
Is 132066611 prime?
True
Is 389357 a composite number?
False
Is 73961 composite?
False
Is 214329161 a composite number?
False
Is 10835687 a composite number?
False
Is 34388743 prime?
True
Is 27845059 a prime number?
False
Is 31614773 composite?
True
Is 7146563 composite?
True
Is 2160833 a prime number?
True
Is 5779573 composite?
False
Is 4098337 prime?
True
Is 639161 composite?
True
Is 154355083 a prime number?
False
Is 2713549 a composite number?
True
Is 264915961 prime?
False
Is 228628907 a composite number?
True
Is 3378889 prime?
True
Is 32652467 a prime number?
True
Is 42437987 composite?
False
Is 24972853 a prime number?
True
Is 1360261693 prime?
False
Is 533527 prime?
False
Is 23777353 composite?
False
Is 4440323 a composite number?
False
Is 18374621 composite?
True
Is 741029 composite?
True
Is 13950377 a prime number?
False
Is 4610819 a composite number?
True
Is 113016017 prime?
False
Is 403325203 composite?
True
Is 1342007 a composite number?
False
Is 7944779 composite?
False
Is 411877 composite?
True
Is 2292041 composite?
False
Is 14895433 a prime number?
False
Is 1689031 composite?
False
Is 53436679 a prime number?
True
Is 3256567 a prime number?
True
Is 2285198 prime?
False
Is 776203 prime?
False
Is 14693969 a prime number?
False
Is 3275309 composite?
False
Is 1457633 a prime number?
True
Is 83018665 composite?
True
Is 15023287 a composite number?
True
Is 10399751 composite?
False
Is 3334451 a composite number?
False
Is 9449017 a composite number?
True
Is 390671 prime?
True
Is 6934227 prime?
False
Is 20307233 a composite number?
False
Is 24522499 composite?
False
Is 60277961 composite?
True
Is 174219301 prime?
True
Is 195969451 a composite number?
False
Is 1193821